- 7 = 5*s + 3, -2*c - 5*s - 15 = 0. Let l(z) = -c*z + 6 + 5*z - 4*z + 3*z. What are the prime factors of l(3)?
3
Let o = 215 + -97. What are the prime factors of o?
2, 59
Let g be (0 + -6)*2/(-6). Suppose -3*u - g*c + 13 = 0, -2*c - 3*c = u. What are the prime factors of u?
5
Let l(w) be the third derivative of -w**6/15 + w**5/60 - w**4/24 - w**3/6 - 2*w**2. Let y = 1 - 2. What are the prime factors of l(y)?
3
Suppose 2*o + 3*k + 15 = 0, 4*k - 3 = -2*o - 17. List the prime factors of 11/3 - (-6)/o.
3
Let t = 37 - 14. Suppose -27*j + t*j = -192. List the prime factors of j.
2, 3
Let q(n) = -n + 18. List the prime factors of q(-8).
2, 13
Suppose 0*j - 7*j = -1162. List the prime factors of j.
2, 83
Let z be (-3)/5 + 69/15. Suppose -3*t = -z - 5. Suppose -w + t*d = -3*w + 11, 3*w + 3*d = 15. What are the prime factors of w?
2
Let b be 3*-7 - (-15 + 16). Suppose -x + 23 = 4*c, 0 = 4*x - c - 3*c - 152. Let f = x + b. List the prime factors of f.
13
Let f = -10 + 20. Let g = f + -5. Suppose x + 8 = -0*x + 5*a, -4*a = -g*x + 23. What are the prime factors of x?
7
What are the prime factors of (-1)/((-4)/8*2) + 92?
3, 31
Suppose -6*o = 24 - 498. What are the prime factors of o?
79
Let o be 0*1/3 + -3. What are the prime factors of (51/(-9) + 0)*o?
17
What are the prime factors of 59 + (-7)/((-7)/(-3))?
2, 7
Let s = -4 + 8. Suppose 0*r = -r + 8. Suppose -s*l = -r - 36. List the prime factors of l.
11
Suppose -3*d + 5 = n, 5*d = -0*n + 5*n + 15. What are the prime factors of d?
2
Let p(j) = 31*j - 52. List the prime factors of p(6).
2, 67
Let l(b) = b**3 + 5*b**2 - 7*b + 3. List the prime factors of l(-5).
2, 19
Let j(m) = 6*m - 5. Let z be j(2). Let c(f) = -f**2 + 7*f + 2. What are the prime factors of c(z)?
2
Let q(d) = -d**3 + 3*d**2 - 2. Let p(h) = h**2 - h - 1. Let g(j) = 2*p(j) + q(j). Let v be g(4). Let i = v - 1. What are the prime factors of i?
3
Let i = 39 - 21. Suppose 3*y + i = a + 5, 2*a = 4*y + 20. What are the prime factors of a?
2
Suppose -4*r + 58 = 5*a - 67, -r = -4*a - 47. What are the prime factors of r?
5, 7
Suppose 2*i = 41 + 3. List the prime factors of i.
2, 11
Let r be ((-36)/27)/(1/(-78)). Suppose 3*w + 3*c = 54, 3*w - 2*c - r = -2*w. What are the prime factors of w?
2, 5
Let f(g) = g - 4. Let m(p) = 6*p**2 + p + 1. Let n be m(-1). Let s be f(n). Suppose -c + s*c - 11 = 0. What are the prime factors of c?
11
Suppose -f + 4*s + 101 = 2*f, -5*f + 2*s + 187 = 0. List the prime factors of f.
3, 13
Suppose -3*m = -2*u - 144 + 16, 4*m - 164 = u. What are the prime factors of (-36)/(-42)*(2 + m)?
2, 3
Let t(r) be the third derivative of r**6/120 + r**5/30 - r**4/24 + 3*r**2. List the prime factors of t(-2).
2
Let t(k) = 13*k + 1. Let l(q) = 27*q + 2. Let h(s) = 6*l(s) - 13*t(s). List the prime factors of h(-3).
2, 5
Suppose -4*r - 2*o + 280 = -514, 3*o + 573 = 3*r. List the prime factors of r.
2, 7
What are the prime factors of (4 - 26/5)/(4/(-70))?
3, 7
Let w = -4 + 4. Suppose -4*m + w = -20. Suppose -r = 2*x, 3*x = -3*r - 2*x + m. What are the prime factors of r?
2, 5
Let l(r) = 3*r - 3. List the prime factors of l(3).
2, 3
Let w(a) be the first derivative of -a**2/2 + 10*a + 3. What are the prime factors of w(7)?
3
Suppose -u + 42 = u. Let p be ((-6)/4)/(3/(-42)). Suppose 0*q - 3*q - u = -3*c, 3*c - 4*q - p = 0. What are the prime factors of c?
7
Let v(f) = f + 3*f - 1 + 0. Let p(t) = -t**2 + 6*t + 2. Let i be p(6). What are the prime factors of v(i)?
7
Let u(p) = -p**3 + 10*p**2 + 12*p + 8. List the prime factors of u(11).
19
Let c = -1 - 3. Suppose 2*j - 5*m - 13 + 65 = 0, -24 = j - 2*m. Let x = c - j. List the prime factors of x.
2, 3
Suppose 0*i + 4*i - 28 = 5*s, -i + 7 = s. Suppose 2*k = i + 7. Suppose 2*b + 35 = k*b. What are the prime factors of b?
7
Let v be 4*(-1)/((-8)/(-6)). Let y be (10/v)/((-3)/(-9)). Let o = 0 - y. What are the prime factors of o?
2, 5
Suppose -1 = c - 5. Suppose -3*l - 4*v + 13 = 1, -l + c = -v. List the prime factors of l.
2
Let y(w) = 5*w - 13. What are the prime factors of y(10)?
37
Let m(o) = -o**2 - o + 1. Let v(n) = 4*n**2 + 15*n - 17. Let t(l) = 5*m(l) + v(l). List the prime factors of t(8).
2
Suppose -2*q + 4*f + 20 + 0 = 0, 10 = -5*q - 2*f. Let y = q - 4. List the prime factors of y/(-14) + 120/21.
2, 3
Let k = -24 - -14. Let l be k/15 - 28/(-6). Suppose n = -4*c - l*n + 48, -c = 2*n - 15. What are the prime factors of c?
7
What are the prime factors of (-1 - (-3 + 4))/((-5)/335)?
2, 67
Let g = 110 + -45. List the prime factors of (32/(-5))/((-13)/g).
2
Suppose -2*u = u - 6. Suppose 0 + 38 = u*a. What are the prime factors of a?
19
Let n = -644 + 905. What are the prime factors of n?
3, 29
Let c(z) = z**2 + 2*z - 5. Let y(p) = p**3 + 4*p**2 + 6. Let l be y(-4). What are the prime factors of c(l)?
43
Let i = -14 + 9. What are the prime factors of 12/(-30) - 102/i?
2, 5
List the prime factors of (4 - (-2 + 4)) + 274 + 0.
2, 3, 23
Let q(v) = v**2 - v + 3. Let z(t) = 8*t**2 + 3*t + 7. Let r(m) = -7*m**2 - 3*m - 6. Let l(h) = 7*r(h) + 6*z(h). Let f be l(-3). List the prime factors of q(f).
3
Suppose -2*w = w - 189. List the prime factors of w.
3, 7
Let d = 6 - 6. Suppose -4*s - 4 + 0 = d, 0 = -b - 5*s + 7. List the prime factors of b.
2, 3
Let z(q) be the first derivative of 3*q**2/2 - 7*q - 6. Let s = 0 + 6. List the prime factors of z(s).
11
Suppose -f - 4*z = 7 - 3, -f + 3*z = -31. What are the prime factors of f?
2
Suppose 0 = 7*l - 2*l - 2*b - 13, 9 = 4*l - 3*b. What are the prime factors of 44/3 - (-1)/l?
3, 5
Let r(z) = z**3 - 5*z**2 + 4*z + 1. Let p be r(4). Let s = p - 1. Suppose s = -4*c + 15 + 21. What are the prime factors of c?
3
Let z(k) = k**2 - k. Let r(c) = 2*c**2 - 10*c + 7. Let u(h) = -r(h) + 4*z(h). List the prime factors of u(-6).
29
Suppose -2*p = -4*x - 198, 0 = -3*x - x - 20. What are the prime factors of p?
89
Let w = -36 + 16. List the prime factors of 2/8 - 115/w.
2, 3
Let u(w) = 9*w + 12 + 4*w**2 + 0 - 3*w**2. What are the prime factors of u(-10)?
2, 11
What are the prime factors of 4 + (-4 - -4)/2?
2
Let c(d) = d**3 - 8*d**2 + d + 8. Let s be c(8). Let g = -9 + s. List the prime factors of g.
7
Let s(h) = 9*h**3 - h**2 + 1. Let w be s(1). Let b(l) = 10 - 2*l**2 + 4*l**2 - w*l - 4*l**2 + l**2. List the prime factors of b(-8).
2, 3
Let g be ((-2)/(-2))/(-3 + 4). Suppose x = -s - g + 5, 4*s - 25 = 5*x. What are the prime factors of s?
5
Let y = -32 - -70. What are the prime factors of y/5 - (-6)/15?
2
Let i be (-2 + -2)*2/(-2). Suppose -3*y + 26 = -i*r, -4*r + 1 = 9. Suppose 0 = -4*q + y + 14. List the prime factors of q.
5
Suppose 2 = 2*j - j. Let i(n) = -n**2 + 3*n - 3. Let r be i(j). What are the prime factors of (2 - 0)*r + 12?
2, 5
Suppose 4 = 3*q - 8. Suppose q*y - 202 + 6 = 0. What are the prime factors of y?
7
Suppose o - 3 = 4. List the prime factors of o.
7
What are the prime factors of 362*(2 + (-9)/6)?
181
Suppose -5*u = -i + 3*i + 30, 3*i = 3*u - 3. Let x be u/(-2)*-1 + -1. Let v = 9 - x. List the prime factors of v.
2, 3
Let h = 14 + -10. Suppose -4*m + h = -156. What are the prime factors of m?
2, 5
Let o be 1*3/(-9)*-57. What are the prime factors of (o/(-4))/((-2)/8)?
19
Let a = 125 - 53. Let h = a + -23. List the prime factors of h.
7
List the prime factors of (-345)/9*(-4 + -2).
2, 5, 23
What are the prime factors of (2032/20)/2*5?
2, 127
Suppose 6*x - 2*x - 240 = 2*c, 63 = x + c. Suppose -x = -3*w - 2*n, -w + 17 = 4*n - 0*n. What are the prime factors of w?
3, 7
Suppose -2*x = -5*p + 25, -10 = p - 3*p + 3*x. Suppose p*f + 14 = h + 3*f, 5 = 5*f. What are the prime factors of h?
2
Let t = 323 + -113. List the prime factors of t.
2, 3, 5, 7
Let p = -26 - -18. Suppose 0 = -0*o - 4*o + 4. Let k = o - p. List the prime factors of k.
3
Let g be 14/(-4)*(2 + 0). Let j be -7 - ((-2 - -4) + -4). Let x = j - g. What are the prime factors of x?
2
Let x = 54 - -49. What are the prime factors of x?
103
Let p = 34 - 30. What are the prime factors of p?
2
Suppose -5*g - 3*g + 424 = 0. List the prime factors of g.
53
Suppose 0 = -3*l + l + 4, -5*k - 4*l = -188. Suppose -i = 0, i = -3*u - 2*i + k. What are the prime factors of u?
2, 3
Suppose 4*m = -3*u + 1115, -8 = -2*u + 2. List the prime factors of m.
5, 11
Let w(f) = f - 8. Let u be w(10). Suppose -2*r - 10 = 